2 - 6) + (2 - 15 - (20 + 32)).
-73
Calculate 17350 + -17471 + (1 - -75).
-45
What is the value of -77 + (45 - -20) - (-1 + 1)?
-12
Evaluate -65 - (13 + 24 - 18 - 41).
-43
What is the value of 17 + -18 + (33 - 18) + 17?
31
Evaluate (-136 - (143 + -253)) + (174 - -2).
150
-27 + -8 + -19 + 40 + (12 - 2)
-4
Calculate 4 - (9 + (18 - 9 - 7) + -2) - 47.
-52
What is the value of -76 - (-83 + -40 + 64)?
-17
Evaluate (176 + -11 - 185) + (-9 - (1 + -2)).
-28
Calculate (0 - 3) + -5 - (-1 - -14 - -27).
-48
What is the value of (17 - -13) + -37 - -60 - -46?
99
(10 - -3) + 13 + (-16 + -77 - -4 - -11)
-52
What is the value of -28 + (-24 - (-15 + -16)) + 33?
12
Calculate 52 + (-23 - -22) + 23.
74
What is the value of (6 - (-16 - -6)) + 381 + -431?
-34
(-50 + -24 + 32 - -39) + (-2 + 2 - -107)
104
What is (-3 - 0 - (-1 + 13 - (-1 - -19))) + -16?
-13
17 - (-6 - 10 - (-34 - -21))
20
Evaluate 32 + -33 + (-70 + -1 - -16).
-56
Calculate 3 + (1 - (6 - (19 - (-14 + 10 + 9)))).
12
-46 - 1 - (12 - (-1 - (-1 - (-6 - -16))))
-49
What is the value of -377 + 388 - (0 + (4 + 1 - 2) + 42)?
-34
Evaluate -62 + (-21 - -40) + -7 + 15.
-35
What is (-23 - (49 + -77 - -18)) + (-62 - 1)?
-76
What is the value of (-60 - -43) + 16 + 26?
25
-41 - (-129 - (23 + -82))
29
Calculate 18 - (38 + (-62 - -107)).
-65
Evaluate -75 - -78 - (-1 + 2) - 1 - -34.
35
What is 88 - (118 + -38 - 55)?
63
Evaluate (59 - (51 - -88)) + 48.
-32
What is the value of (107 - 1 - (-403 + 393)) + -4 - 21?
91
Calculate 16 + -54 - -15 - 6.
-29
What is -29 + (0 - -78) + (238 - 267)?
20
Evaluate 10 + 33 + -22 + -1 - (-1 + -3).
24
Calculate 11 + (-2 - (-7 + 89 - (6 + (-5 - 4)))).
-76
-93 + -88 + 187 - -113
119
What is the value of -37 + 50 - ((-9 - -13) + 44)?
-35
Evaluate -13 + 4 + (1 - -1) + -65 + 44 + -6.
-34
Calculate 1 + (9 - -37 - 58).
-11
-25 - (-23 - 40) - (-4 - (-4 - 1))
37
Calculate -2 + (-2 - (-1 - -1)) + (-88 - -80) - -38.
26
Calculate (36 - (1 + 0)) + (-13858 - -13872).
49
-3 - (-130 - (-362 + 142))
-93
Evaluate -26 - (-8 + 45 - 122 - -38).
21
What is (2 - 7) + 8 + (7 - 12) + 6?
4
What is the value of -58 + -5 + (4 - (-52 + 72))?
-79
(287 - 258) + (-2 - 5)
22
((-15 - 6) + (99 - 71) - (58 + -1)) + 1
-49
Evaluate (66 - (-40 - -68)) + -57.
-19
Evaluate -92 + (60 - 3 - 24).
-59
-10 - (46 + (60 - 188))
72
Evaluate 44 + -121 + 13 + 61.
-3
Calculate -103 + 1 + (-149 + 220 - (40 + 19)).
-90
What is -3 + (-45 - -52) - 29?
-25
Evaluate 32 + -14 - (22 + -43 + 0).
39
What is 3366 + -3348 - (-2 - 1)?
21
What is 1646 - 1632 - (2 - -1 - -2)?
9
What is 9 + -16 + 24 + (-2 - 4 - (-51 - -53))?
9
What is the value of 36 + (47 - (34 + -60)) + -16?
93
What is the value of -23 + -4 + (42 + -22 - 2)?
-9
Calculate -29 - ((-18 - -9) + -2 + 15).
-33
-130 - (-204 - (-51 - 61))
-38
What is 3 + (-46 - -20) - -11?
-12
Calculate (5 - 4 - 9) + -314 + 287.
-35
Calculate -20 + 14 + -72 + (0 - -20).
-58
What is 1 + 10 - (-64 + -30 + 66)?
39
What is 84 + 63 + -97 - (8 + 1 - 1)?
42
Evaluate -8 - (-9 - (-2 - -7) - 22).
28
What is 5 - (-13 + (-35 + 71 - 32))?
14
What is -89 + 5 + 16 + 18 + -34 + 8?
-76
Calculate (-6 - -63) + 61 + -156.
-38
What is the value of 111 + -108 + (-4 + 6 - -27)?
32
Calculate -12 - 0 - (2057 + -2114).
45
(-1 - (-6 - (-6 + 5)) - -13) + (365 - 358)
24
Evaluate 8 + (2 - 27) - (42 + -86).
27
(-1 - 22) + (-2 - 0) + (-265461 - -265415)
-71
-43 + 0 + 3 - (-5 + 24 + -17)
-42
Calculate 116 + 37 + (-185 - -99).
67
What is the value of -65 + (125 - -41) - 123?
-22
What is the value of -56 - (69 + -37) - -45?
-43
-31 + (55 - 40) - 17
-33
What is 35 - (13 - ((7 - 9 - -15) + 0))?
35
Calculate 4 - (-10 + 0) - (474 + -478).
18
Evaluate 8 - (-4 + (2 - 0) + 3 + (-58 - 0)).
65
Calculate (13 + -9 - -12) + (-121 - -119).
14
What is the value of -31 + 15 - (-14 + 4) - 2 - 39?
-47
(-14 - -1) + (-39 - (-1 - 30)) + 34
13
What is -7 + 62 - 129 - -82?
8
What is the value of -533 + 489 + (63 - 2)?
17
132 + -116 - -103 - 68
51
What is the value of (5 - 6 - (-64 - -50)) + -1 + -38?
-26
Calculate (-15 - -31) + 16 + -4 + 7 + -13.
22
Calculate 87 - (10 - -37 - -32).
8
What is the value of -3 - ((-49 - -14) + 8 + 20)?
4
(40 - -11) + (20 - (-5 - -36))
40
Calculate 8 + -3 + 70 + -35.
40
What is 19 - 1 - (17 + (-30 - 25) + 133)?
-77
Evaluate -45 + 2 + (470 - 441).
-14
What is -72 + (19 - 14 - -25) - (15 + -1)?
-56
Calculate 11 + (-20 + 20 + -2 - 3).
6
What is the value of -39 - (-100 + 71) - (-28 - 1)?
19
Calculate (5 - 2) + (0 - (-12 + 24) - -8).
-1
What is the value of -364 + 36 - -428 - (4 + 3 - (-1 - 1))?
91
74 + 20 + -50 + 18
62
1 - 19 - (95 - (-38 + 85))
-66
-46 - (-37 - (-54 - -18))
-45
91 + (26 - 130) + (0 - -35)
22
What is the value of (1 - 1) + (-20 + 1 - 4) - 8?
-31
What is -90 - (-28 + 18 + -11 - (1 + -5))?
-73
(101 - 96) + -65 + (5 - 0)
-55
(-9 + -77 - -73) + (-63 - (-3 - -2))
-75
What is the value of 24 + 2 + -3 + -112 + 111 + 12 - -2?
36
What is the value of 0 - 128 - (304 + -405)?
-27
-6 - (-35 + 5) - (16 + 1 - (56 + -44))
19
-9 + -21 + (29 - 14) - -9
-6
77 + -89 + (4 - 22) + -1 + 6
-25
What is 1 + -19 + -22 + 1?
-39
What is -11 + -1 + -1 + (-972 - -1003)?
18
Calculate 2 + 4 - -1 - (37 - (62 + -14)).
18
Evaluate (70 - 27 - 15) + -16 - (-2 + -35 - 2).
51
What is 53 + 0 + (21 - (13 - 28) - 20)?
69
Calculate (-40 - -123) + -45 - (-2 + 5 + (2 - 0)).
33
Evaluate 6 - 3 - 0 - -27 - (23 + -39 - -20).
26
What is the value of (-125 + 87 - 15) + -69?
-122
What is 16 + 4 - 0 - (-7 + -54) - 12?
69
Evaluate -16 + -2 + -19 + 115 + -58 + -16.
4
What is the value of 21 + (-10 - 7 - (9 + -21)) - 97?
-81
What is the value of 1 + -23 - (-897 + 877) - (-11 + 1)?
8
110 - (-13 + -15 + -16 + 24)
130
What is the value of -3 + -2 - ((-10 + 8 - 11) + 7 - 26)?
27
(-5 - 10) + -81 + (31 - -10 - 28)
-83
-7 + 94 + -86 + -86
-85
What is the value of 92 + (-66 - (31 - 24))?
19
Calculate (37 + -14 - (15 + 2) - 21) + 6.
-9
-68 - (-6 - (-1 + -3)) - (42 - 55 - -5)
-58
-158 + (-103 - -217) - (47 + 0)
-91
Calculate 19 - (-19 - ((-42 - 29) + 45)).
12
Calculate 1 + -20 + (20 - ((-6 - 1) + 18)) - -86.
76
What is -12 + 14 - ((4 + -12 - -23) + -1)?
-12
Evaluate (-42 - (-12 + -36)) + 20.
26
3 + 7 + (-3 - -1) - 18 - -29
19
Calculate -4 + -68 + (23 + -4 + 8 - 22).
-67
What is 0 + -3 + 56 - (4 + (-17 - -1))?
65
What is (-12 - (1 + (1 - 5)) - -11) + 3 + 8?
13
-18 - (-27 + 147) - -25
-113
Evaluate 0 + -4 + 5 + 56 + (4196 - 4219).
34
(1417 - 1341) + (5 - 119)
-38
Calculate -12 + (531 - 547) + 69 + -1.
40
Evaluate 2999 + -3029 + 2 + 54.
26
Calculate -1397 + 1379 + -6 + (6 - 3).
-21
What is the value of 41 - 54 - (18 + 4 + 4)?
-39
What is 11 - 22 - (1 + 0 - (13 - 23))?
-22
What is the value of 24 + (45 - 53 - (0 - (7 - 5)))?
18
-13 - (9 + 40 + -22)
-40
Evaluate -36 - (-614 - -576 - (-25 + 1)).
-22
What is -116 + 63 + 67 - (0 + 3 + 2)?
9
What is the value of -6 + (-10 - -12 - -10) - (-13 + 11)?
8
(-3 + -1 - (15 - 23)) + (2 - 133) + 32
-95
Evaluate (-3 - (8 + 17)) + (-7 - (-11 + 9)) + 1.
-32
Calculate -2 + -16 + -3 + (-25 + 0 - (196 + -216)).
-26
0 - (12 + (-8 - -1 - (69 - 43 - 31)))
-10
What is -762 + 769 - (12 + -2 + -2) - 59?
-60
Evaluate 96 - (357 + -336 - (-2 - 4)).
69
What is -30 + ((5 + 7 - 10) + 1 - -2 - 1)?
-26
Evaluate -37 + 70 + -32 - -36.
37
Evaluate (-5 - 1) + -48 + (-2 - -8) + -21 + 24.
-45
Evaluate 20 + (-899 - -878) + 0 + -4.
-5
Calculate (2 - -72) + (-359 - -313).
28
-7 + 0 - (-10 + -70 - -87)
-14
Evaluate 40 - -2 - (622 - 609) - -61.
90
Calculate (-46 - (-40 + -17)) + 58 + 1.
70
Evaluate (-10 - -15) + 20 + -26 + 65 + 1.
65
What is the value of -19 + (-20 - -50 - 106)?
-95
Evaluate (301 - 240) + (0 + -16 - -1).
46
0 - (-5 - 1) - (29 + (52 - (-39 + 59)))
-55
Evaluate 24 - (17 - (27 + -44)).
-10
What is the value of 11 + (-30 - (0 - -20)) - 18?
-57
What is -35 + 26 - (-7 + (10 - 3 - 8) + -3)?
2
What is the value of -7 + (1 - (3 + -13 - (-12 - (-8 + -1))))?
1
What is the value of (-136 - (15 + -19)) + 163?
31
What is -86 - (1 + (3 - 1)) - (-9457 - -9455)?
-87
Evaluate (-3 - (-4 - -6)) + -3 - (-204 - -206) - -136.
126
Evaluate -30 + -1 - (-18 + (23 - -15) + -18).
-33
Calculate -33 + ((50 - 32) + -4 - -25).
6
Calculate -32 + 29 + (81 - 29) + -15.
34
Evaluate 50 + (-24 - (46 + -45)).
25
(8 - (-8 + -1)) + -6 + (-15 - -1) + 34
31
Calculate (-30 - 0 - (-358 + 403)) + 0 + 1.
-74
What i